 of c(10)?
3, 5
Suppose 2*j - 7*j + 95 = 3*k, 2*k = 0. Let c = j + -16. Suppose -l + 96 = 2*q, 5*l + 157 = c*q - 0*q. What are the prime factors of q?
7
Let w(b) = -48*b - 1. Let d = -68 - -66. List the prime factors of w(d).
5, 19
Let b = 299 - 39. List the prime factors of b.
2, 5, 13
Suppose 4*s + 20 = 4*r, 2*s - 4*s - 24 = -4*r. Suppose 2*f = r*f - 30. List the prime factors of 18/(-27)*f/(-2).
2
Suppose -5*c + 3*p = -p - 21, 3*p - 3 = 0. Suppose 10*x - c*x = 0. Suppose 3*z + 0*r + r - 117 = x, -3*z + r = -111. List the prime factors of z.
2, 19
Let a(m) = 9*m**2 - 7*m - 2. Let d be a(-5). What are the prime factors of (-5)/(15/d)*5/(-10)?
43
Let j = -513 - -771. Suppose -5*f = 13 - j. List the prime factors of f.
7
List the prime factors of 2/5 - 6352/(-20).
2, 3, 53
Let l = -520 + 519. Let s(z) = z**3 - z**2 + z + 3. Let v be s(0). What are the prime factors of v - (138/(-3) - l)?
2, 3
Let q(j) = -j + 4. Let v be q(3). Suppose 0 = t - v, -2*t = 3*d - 0*d - 98. List the prime factors of d*(-3 - 21/(-6)).
2
Suppose 2*m - 2*s + 5 = -5*s, 5*m - 4*s = 22. Suppose 0 = -3*w - m*u + 159, 0*w = w - 4*u - 67. What are the prime factors of w?
5, 11
What are the prime factors of ((-4)/7)/4 + (-87864)/(-49)?
11, 163
Suppose 4*s = -5*r + 935, -4*r = 2*s - 0*s - 460. Suppose -9*c + 6*c - s = 0. Let x = -44 - c. List the prime factors of x.
2, 3
Suppose 5*y = 2*z + 58, 3*y - z + 5*z = 14. Let t be 2*3*y/15. Suppose -t*l + 2*w + 80 = 0, -5*l - w = 2*w - 100. List the prime factors of l.
2, 5
Suppose 0 = -4*h - 2*k + 2 - 104, -5*k = 5*h + 120. Let f = -12 - h. Suppose -3*g + 36 + f = 0. List the prime factors of g.
17
Let x be 2 - -2 - 3 - -2. Suppose -5*b + 3*n = -143, x*b + 2*n + 0*n = 101. Let p = 78 - b. List the prime factors of p.
47
Suppose 1 = -d - 1. List the prime factors of (d - 0) + 351/13.
5
Suppose -180 = -7*n + 3*n. Let d = n + 49. What are the prime factors of d?
2, 47
Let t(k) = 10*k**2 - 34*k + 112. List the prime factors of t(16).
2, 7, 19
Suppose -3*x + 170 = 4*q, 4*q + 0*x - 184 = 4*x. Suppose 5*s - 5*a = 835, q = s + a - 113. List the prime factors of s.
2, 3
Let b = -78 + 33. Suppose -3*a + 3*l - 76 + 7 = 0, -3*a = -4*l + 67. Let f = a - b. What are the prime factors of f?
2, 5
Let h be (34/(-8))/(11/(-132)). Suppose -2*m + 221 = -3*k + h, -320 = -4*m + k. Suppose m = 5*j + 9. List the prime factors of j.
2, 7
Suppose -3*n = 18 - 0. Let o(x) be the second derivative of x**5/20 + 7*x**4/12 + x**3/3 + 2*x**2 + 19*x. What are the prime factors of o(n)?
2, 7
Let j = -48 + 50. Suppose 0 = 3*t - 3*m - 432, -j*m + 5*m + 289 = 2*t. List the prime factors of t.
11, 13
Suppose -2*c - 32 = -276. Suppose -4*s + c = -30. List the prime factors of s.
2, 19
Let m = -18 - -19. Suppose m = -3*i + 97. List the prime factors of i.
2
Let d(u) = -4 + 44*u + 41*u + 3. What are the prime factors of d(1)?
2, 3, 7
List the prime factors of (-5 + 21/5)/(2/(-720)).
2, 3
Let i(r) = r**2 + 3*r**2 + 0*r**2 - 3*r**2 + 10*r + 11. Let k be i(-9). What are the prime factors of -3 + 6 - (-28 + k)?
29
Let h(z) = -z**3 + 3*z**2 - z + 6. Let o be h(3). Suppose -o*k + l + 2 + 11 = 0, 3*k + 4*l = 8. List the prime factors of k.
2
Suppose -147 - 111 = -2*c. Let o = c - 34. What are the prime factors of o?
5, 19
Let v be -3 - (-2)/(2/7). Suppose v*a + 693 = 11*a. What are the prime factors of a?
3, 11
Suppose 11*f - 326 = 10*f. Suppose 8*l - f = 290. What are the prime factors of l?
7, 11
Let j = 12 + 13. Let d = 32 - j. What are the prime factors of 76 - d/((-7)/(-4))?
2, 3
Let f = -1596 - -2617. What are the prime factors of f?
1021
Suppose 4*j - 890 = 2*j + 4*q, 2*q = -j + 425. List the prime factors of j.
3, 5, 29
Suppose -7*x + 3*x = 56. What are the prime factors of (-622)/x - (-3)/(-7)?
2, 11
Let r be (-17)/(68/(-288)) - 4. Suppose r = 4*g - 540. What are the prime factors of g?
2, 19
Let q be (4 + 3)*(-4)/(-14). Let h = -36 - q. What are the prime factors of -5*(2 + h/5)?
2, 7
Suppose -2*v = 2*f - 98, 0 = 2*f + f - 3*v - 165. Suppose a + 4*y - 39 = -2*a, 3*y = 4*a - f. What are the prime factors of a?
13
Suppose -5*c + 379 = 3*g - 238, 5*g - 1003 = -2*c. What are the prime factors of g?
199
Suppose -2*q - 2*q - 152 = 0. Let r be q/57 + 16/6. What are the prime factors of r - ((-12 - -3) + -4)?
3, 5
Let s = -27 - -39. Let p be 3 - 10*(-14)/(-35). List the prime factors of 47 - p - (-10 + s).
2, 23
Let d = -211 + 127. Let b = d - -150. What are the prime factors of b?
2, 3, 11
Let s(b) = 2*b + 4*b - 7*b. Let f be s(0). List the prime factors of 21/1 - (f + 1).
2, 5
Let s be 4/(-22) - 114/(-22). Suppose -3*h = 2*h, s*h = 4*u + 136. Let z = u + 80. What are the prime factors of z?
2, 23
What are the prime factors of 2 + 1848 - (12 + -6)?
2, 461
Suppose 15 = 5*c, -20*t + 2425 = -15*t - 5*c. What are the prime factors of t?
2, 61
Let c = 2 - -1. Suppose 5*x + 4*j - 33 - 498 = 0, 4*j + 293 = c*x. List the prime factors of x.
103
What are the prime factors of 16*10/240 - 670/(-3)?
2, 7
Let l = -43 - -71. List the prime factors of 8/14 + 7124/l.
3, 5, 17
Let x be (-44 - -44) + -12 + 0 + 0. List the prime factors of (x/24)/(2/(-48)).
2, 3
Suppose 8*f - 9*f + 5 = 0. Let i(j) = -7 + 1 + 5*j**2 + 8*j - 8*j**2 + 2*j**2. What are the prime factors of i(f)?
3
Let n(u) = 890*u - 17. List the prime factors of n(2).
41, 43
Let w = 16 + -11. Let c = 7 - w. Suppose -3*a - c*a + 45 = 0. What are the prime factors of a?
3
Suppose 0*h + 2*h = 0. Suppose o - 3*n = -0 + 10, -3*o + 5*n + 18 = h. Suppose -2*k + 64 = 3*z, k - 21 = -4*z + o. List the prime factors of k.
2, 19
Suppose 3*d = -5*t + 3873 - 580, 0 = -d + 4*t + 1075. List the prime factors of d.
1091
Suppose 4*h - 4*v + 8 - 24 = 0, 5*h + 3*v - 36 = 0. Suppose 0 = -h*t + 2*t. Suppose -l - 4*l + 105 = t. List the prime factors of l.
3, 7
Suppose 3656 = 20*t - 12*t. What are the prime factors of t?
457
List the prime factors of (-6368)/(-9) - 10/(-45)*2.
2, 3, 59
Let u(h) = 38*h + 353. List the prime factors of u(47).
3, 23, 31
Suppose -40 = -8*t + 9*t. Let p be 87*(-1)/(2 + 1). What are the prime factors of p/(-5) + (-8)/t?
2, 3
Let m = 865 - 582. What are the prime factors of m?
283
Let w = -59 + 24. Let p = 184 + w. What are the prime factors of p?
149
Let m = -656 + 654. Let x(k) = -3*k**2 - 6*k - 7. Let c(a) = 2*a**2 + 5*a + 6. Let p(n) = -7*c(n) - 6*x(n). List the prime factors of p(m).
2, 7
Let v(o) = -o**2 - 4*o. Let b be v(-4). Suppose b = 57*m - 58*m + 116. List the prime factors of m.
2, 29
Let o be (4 - 8 - -4) + 9. What are the prime factors of (o - 3)*20/8?
3, 5
Let p(l) = -3*l - 10. Let t be p(-4). Suppose -5*d - 4*c = -38, -t*d - c = 4*c - 5. List the prime factors of ((-4)/7)/(d/(-35)).
2
Suppose 0 = 3*o - 5*k, 5*k = o + 2*k. Let r be (-2 - -2)*1 + o. Suppose r*b = 3*b - 99. List the prime factors of b.
3, 11
Let s(l) = -4*l - 43. Let k(y) = 5*y + 42. Let b(i) = -5*k(i) - 6*s(i). What are the prime factors of b(14)?
2, 17
Let v(x) = 2*x**2 + 13*x + 19. Let o be v(-8). Let y = o - 34. What are the prime factors of y?
3
Let i be 1/((2 + 2)/(-12)). Let c(b) = 30*b - 25*b - 23*b + 5. What are the prime factors of c(i)?
59
Suppose -2*t + 1492 = 60. What are the prime factors of t?
2, 179
Let m = -18 - -24. Let t be m*(-2)/3*-1. Suppose -t*k = k - 50. What are the prime factors of k?
2, 5
Let b = -223 - -2718. List the prime factors of b.
5, 499
Suppose 7*o + 5592 = 13*o. What are the prime factors of o?
2, 233
Let f(c) = 23*c - 6. Let d be f(4). Let l = d + -123. Let i = l + 70. List the prime factors of i.
3, 11
Suppose -30*z + 26877 = -26163. What are the prime factors of z?
2, 13, 17
Suppose 3*w + 23 = -a, -a - 3*w - 55 = 4*a. Let q(t) be the third derivative of t**5/60 + 7*t**4/24 + t**3/3 + 3*t**2 - 2. What are the prime factors of q(a)?
2, 5
Suppose -9*u = -4*u. Suppose -2*r = -4*r - 4*y + 110, u = -2*r - 2*y + 102. List the prime factors of r.
47
Suppose -7*s + 768 = -5*s. Suppose 3*h = -3*h - s. List the prime factors of -10*(h/(-4))/(-4).
2, 5
List the prime factors of 9036/(-18)*(36/8)/(-1).
3, 251
Let n(l) = 4*l - 13. Let t(p) = -3*p**3 - 4*p**2 - 2*p. Suppose -3*o - 19 = 2*v, 5*v + 12 + 23 = -5*o. Let k be t(v). What are the prime factors of n(k)?
5, 7
Suppose 3*s - 9 = -24, 4*s + 390 = 5*k. Suppose -4*y = -